{"id":9824,"date":"2025-02-12T10:33:07","date_gmt":"2025-02-12T15:33:07","guid":{"rendered":"https:\/\/www.cqcd.org\/evenements\/rendez-vous-politique-avec-christine-frechette\/"},"modified":"2025-04-11T13:07:13","modified_gmt":"2025-04-11T17:07:13","slug":"rendez-vous-politique-with-christine-frechette","status":"publish","type":"events","link":"https:\/\/www.cqcd.org\/en\/events\/rendez-vous-politique-with-christine-frechette\/","title":{"rendered":"Rendez-vous politique with Christine\u00a0Fr\u00e9chette"},"content":{"rendered":"    \n\n\n\n\n\n\n\n\n\n\n\n\n\n<section data-module='m03a' class=\"md:u-pt-fl m-content m-content--image-double    \" style=\"--container-width: 1200px; --module-background-color:var(--color-root-white); --pt-min-value:0; --pt-max-value:0;\">\n        <div class=\"l-container \" style=\"\" >\n        <div class=\"m-content__content u-pt-fl u-pb-fl u-px-fl u-text-[var(--module-text-color)] u-bg-[var(--module-background-color)]  \" style=\"--pt-min-value:7; --pt-max-value:10; --pb-min-value:7; --pb-max-value:10; --px-min-value:0; --px-max-value:0; \n                            \n         \n\n    \n    --module-text-color:var(--root-color); --module-subtitle-color:var(--root-color); --module-image-bg-pattern-color:var(--color-quaternary-500); --module-typography-ul-marker-color:var(--color-primary-500); --module-typography-link-color:var(--color-primary-500); --module-typography-link-hover-color:var(--color-primary-500); --module-legend-text-color:var(--color-primary-500);\n \">\n            \n                                            \n                \n\n\n\n\n\n\n\n\n\n\n\n\n<main class=\"l-grid      u-items-start  u-justify-start u-gap-y-fl u-text-left\" style=\"--gap-y-min-value:5; --gap-y-max-value:7; --grid-gutter:    \n                \n                \n    clamp(1.5000rem, 1.5000rem + 0vw, 1.5000rem)\n;\">\n                    <div class=\"l-grid__block\">\n            <div class=\"c-typography  c-typography--paragraph-size\" style=\"--typography-paragraph-font-size: var(--font-size-180); --typography-max-width: 100%;\">\n    <p>On May 26th, join us for our <em>Rendez-vous politique<\/em> with Ms. Christine Fr\u00e9chette, <em>ministre de l\u2019\u00c9conomie, de l\u2019Innovation et de l\u2019\u00c9nergie<\/em>.<\/p>\n<p>This event, specifically organized for retail industry executives, will be an opportunity for Ms. Fr\u00e9chette to share the major orientations of her ministry and to address crucial issues for our sector such as:<\/p>\n<ul>\n<li>The 2025 tariffs of the United States;<\/li>\n<li>Credit card fees;<\/li>\n<li>The \u201cunfair\u201d competitiveness that Shein and Temu represent;<\/li>\n<li>Certain employee training-related aspects.<\/li>\n<\/ul>\n<p>A discussion period will also be held between participants and Ms. Christine Fr\u00e9chette, offering a unique opportunity to ask your questions and share your concerns.<\/p>\n<p><span style=\"color: #1a1a1a; font-family: Montserrat, sans-serif; font-size: 22.5px;\">\u2014\u2014<\/span><\/p>\n<p><b>This event is exclusive to RCQ retailer members &#8211; 1 representative per organization. The number of spots is limited.<\/b><b><\/b><\/p>\n<p><b>To register, please contact Vanessa Lam\u00e9trie, our event coordinator:<\/b><strong>\u00a0<a href=\"mailto:vlametrie@cqcd.org\" target=\"_blank\" rel=\"noopener\">vlametrie@cqcd.org<\/a>.<\/strong><\/p>\n\n<\/div>\n                                        \n\n\n\n\n\n\n\n\n\n\n\n            \n<div class=\"c-actions u-mt-10\" style=\"--actions-gap: calc(var(--root-baseline) * 3); --actions-mobile-gap: calc(var(--root-baseline) * 3); --actions-nb: 0;\">\n        <div class=\"c-actions__wrapper  u-flex-row u-items-center u-justify-start\">\n            <\/div>\n<\/div>\n        <\/div>\n    <\/main>\n                                <\/div>\n    <\/div>\n<\/section>\n","protected":false},"excerpt":{"rendered":"<p>On May 26th, join us for our Rendez-vous politique with Ms. Christine Fr\u00e9chette (ministre de l\u2019\u00c9conomie, de l\u2019Innovation et de l\u2019\u00c9nergie).<\/p>\n","protected":false},"featured_media":10708,"template":"","event_type":[131],"mega_event_type":[195],"mega_event_theme":[],"mega_event_location":[],"class_list":["post-9824","events","type-events","status-publish","has-post-thumbnail","hentry","event_type-trade-shows-and-events","mega_event_type-exclusive-to-rcq-members"],"acf":[],"yoast_head":"<!-- This site is optimized with the Yoast SEO plugin v27.2 - https:\/\/yoast.com\/product\/yoast-seo-wordpress\/ -->\n<title>Rendez-vous politique with Christine\u00a0Fr\u00e9chette - Retail Council of Quebec<\/title>\n<meta name=\"description\" content=\"May 26, 2025 : Rendez-vous politique with Christine Fr\u00e9chette (ministre de l\u2019\u00c9conomie, de l\u2019Innovation et de l\u2019\u00c9nergie).\" \/>\n<meta name=\"robots\" content=\"index, follow, max-snippet:-1, max-image-preview:large, max-video-preview:-1\" \/>\n<link rel=\"canonical\" href=\"https:\/\/www.cqcd.org\/en\/events\/rendez-vous-politique-with-christine-frechette\/\" \/>\n<meta property=\"og:locale\" content=\"en_US\" \/>\n<meta property=\"og:type\" content=\"article\" \/>\n<meta property=\"og:title\" content=\"Rendez-vous politique with Christine\u00a0Fr\u00e9chette - Retail Council of Quebec\" \/>\n<meta property=\"og:description\" content=\"May 26, 2025 : Rendez-vous politique with Christine Fr\u00e9chette (ministre de l\u2019\u00c9conomie, de l\u2019Innovation et de l\u2019\u00c9nergie).\" \/>\n<meta property=\"og:url\" content=\"https:\/\/www.cqcd.org\/en\/events\/rendez-vous-politique-with-christine-frechette\/\" \/>\n<meta property=\"og:site_name\" content=\"Conseil qu\u00e9b\u00e9cois du commerce de d\u00e9tail\" \/>\n<meta property=\"article:modified_time\" content=\"2025-04-11T17:07:13+00:00\" \/>\n<meta property=\"og:image\" content=\"https:\/\/www.cqcd.org\/wp-content\/uploads\/2025\/02\/Ministre-Frechette_MEIE-149-ko.jpg\" \/>\n\t<meta property=\"og:image:width\" content=\"1200\" \/>\n\t<meta property=\"og:image:height\" content=\"630\" \/>\n\t<meta property=\"og:image:type\" content=\"image\/jpeg\" \/>\n<meta name=\"twitter:card\" content=\"summary_large_image\" \/>\n<meta name=\"twitter:label1\" content=\"Est. reading time\" \/>\n\t<meta name=\"twitter:data1\" content=\"1 minute\" \/>\n<script type=\"application\/ld+json\" class=\"yoast-schema-graph\">{\"@context\":\"https:\/\/schema.org\",\"@graph\":[{\"@type\":\"WebPage\",\"@id\":\"https:\/\/www.cqcd.org\/en\/events\/rendez-vous-politique-with-christine-frechette\/\",\"url\":\"https:\/\/www.cqcd.org\/en\/events\/rendez-vous-politique-with-christine-frechette\/\",\"name\":\"Rendez-vous politique with Christine\u00a0Fr\u00e9chette - Retail Council of Quebec\",\"isPartOf\":{\"@id\":\"https:\/\/www.cqcd.org\/en\/#website\"},\"primaryImageOfPage\":{\"@id\":\"https:\/\/www.cqcd.org\/en\/events\/rendez-vous-politique-with-christine-frechette\/#primaryimage\"},\"image\":{\"@id\":\"https:\/\/www.cqcd.org\/en\/events\/rendez-vous-politique-with-christine-frechette\/#primaryimage\"},\"thumbnailUrl\":\"https:\/\/www.cqcd.org\/wp-content\/uploads\/2025\/02\/Rendez-vous-politique_tuile-evenement-CQCD-437x322-1.png\",\"datePublished\":\"2025-02-12T15:33:07+00:00\",\"dateModified\":\"2025-04-11T17:07:13+00:00\",\"description\":\"May 26, 2025 : Rendez-vous politique with Christine Fr\u00e9chette (ministre de l\u2019\u00c9conomie, de l\u2019Innovation et de l\u2019\u00c9nergie).\",\"breadcrumb\":{\"@id\":\"https:\/\/www.cqcd.org\/en\/events\/rendez-vous-politique-with-christine-frechette\/#breadcrumb\"},\"inLanguage\":\"en-US\",\"potentialAction\":[{\"@type\":\"ReadAction\",\"target\":[\"https:\/\/www.cqcd.org\/en\/events\/rendez-vous-politique-with-christine-frechette\/\"]}]},{\"@type\":\"ImageObject\",\"inLanguage\":\"en-US\",\"@id\":\"https:\/\/www.cqcd.org\/en\/events\/rendez-vous-politique-with-christine-frechette\/#primaryimage\",\"url\":\"https:\/\/www.cqcd.org\/wp-content\/uploads\/2025\/02\/Rendez-vous-politique_tuile-evenement-CQCD-437x322-1.png\",\"contentUrl\":\"https:\/\/www.cqcd.org\/wp-content\/uploads\/2025\/02\/Rendez-vous-politique_tuile-evenement-CQCD-437x322-1.png\",\"width\":437,\"height\":322,\"caption\":\"Rendez-vous politique CQCD - Christine Fr\u00e9chette MEIE\"},{\"@type\":\"BreadcrumbList\",\"@id\":\"https:\/\/www.cqcd.org\/en\/events\/rendez-vous-politique-with-christine-frechette\/#breadcrumb\",\"itemListElement\":[{\"@type\":\"ListItem\",\"position\":1,\"name\":\"Accueil\",\"item\":\"https:\/\/www.cqcd.org\/en\/\"},{\"@type\":\"ListItem\",\"position\":2,\"name\":\"Rendez-vous politique with Christine\u00a0Fr\u00e9chette\"}]},{\"@type\":\"WebSite\",\"@id\":\"https:\/\/www.cqcd.org\/en\/#website\",\"url\":\"https:\/\/www.cqcd.org\/en\/\",\"name\":\"Conseil qu\u00e9b\u00e9cois du commerce de d\u00e9tail\",\"description\":\"\",\"potentialAction\":[{\"@type\":\"SearchAction\",\"target\":{\"@type\":\"EntryPoint\",\"urlTemplate\":\"https:\/\/www.cqcd.org\/en\/?s={search_term_string}\"},\"query-input\":{\"@type\":\"PropertyValueSpecification\",\"valueRequired\":true,\"valueName\":\"search_term_string\"}}],\"inLanguage\":\"en-US\"}]}<\/script>\n<!-- \/ Yoast SEO plugin. -->","yoast_head_json":{"title":"Rendez-vous politique with Christine\u00a0Fr\u00e9chette - Retail Council of Quebec","description":"May 26, 2025 : Rendez-vous politique with Christine Fr\u00e9chette (ministre de l\u2019\u00c9conomie, de l\u2019Innovation et de l\u2019\u00c9nergie).","robots":{"index":"index","follow":"follow","max-snippet":"max-snippet:-1","max-image-preview":"max-image-preview:large","max-video-preview":"max-video-preview:-1"},"canonical":"https:\/\/www.cqcd.org\/en\/events\/rendez-vous-politique-with-christine-frechette\/","og_locale":"en_US","og_type":"article","og_title":"Rendez-vous politique with Christine\u00a0Fr\u00e9chette - Retail Council of Quebec","og_description":"May 26, 2025 : Rendez-vous politique with Christine Fr\u00e9chette (ministre de l\u2019\u00c9conomie, de l\u2019Innovation et de l\u2019\u00c9nergie).","og_url":"https:\/\/www.cqcd.org\/en\/events\/rendez-vous-politique-with-christine-frechette\/","og_site_name":"Conseil qu\u00e9b\u00e9cois du commerce de d\u00e9tail","article_modified_time":"2025-04-11T17:07:13+00:00","og_image":[{"width":1200,"height":630,"url":"https:\/\/www.cqcd.org\/wp-content\/uploads\/2025\/02\/Ministre-Frechette_MEIE-149-ko.jpg","type":"image\/jpeg"}],"twitter_card":"summary_large_image","twitter_misc":{"Est. reading time":"1 minute"},"schema":{"@context":"https:\/\/schema.org","@graph":[{"@type":"WebPage","@id":"https:\/\/www.cqcd.org\/en\/events\/rendez-vous-politique-with-christine-frechette\/","url":"https:\/\/www.cqcd.org\/en\/events\/rendez-vous-politique-with-christine-frechette\/","name":"Rendez-vous politique with Christine\u00a0Fr\u00e9chette - Retail Council of Quebec","isPartOf":{"@id":"https:\/\/www.cqcd.org\/en\/#website"},"primaryImageOfPage":{"@id":"https:\/\/www.cqcd.org\/en\/events\/rendez-vous-politique-with-christine-frechette\/#primaryimage"},"image":{"@id":"https:\/\/www.cqcd.org\/en\/events\/rendez-vous-politique-with-christine-frechette\/#primaryimage"},"thumbnailUrl":"https:\/\/www.cqcd.org\/wp-content\/uploads\/2025\/02\/Rendez-vous-politique_tuile-evenement-CQCD-437x322-1.png","datePublished":"2025-02-12T15:33:07+00:00","dateModified":"2025-04-11T17:07:13+00:00","description":"May 26, 2025 : Rendez-vous politique with Christine Fr\u00e9chette (ministre de l\u2019\u00c9conomie, de l\u2019Innovation et de l\u2019\u00c9nergie).","breadcrumb":{"@id":"https:\/\/www.cqcd.org\/en\/events\/rendez-vous-politique-with-christine-frechette\/#breadcrumb"},"inLanguage":"en-US","potentialAction":[{"@type":"ReadAction","target":["https:\/\/www.cqcd.org\/en\/events\/rendez-vous-politique-with-christine-frechette\/"]}]},{"@type":"ImageObject","inLanguage":"en-US","@id":"https:\/\/www.cqcd.org\/en\/events\/rendez-vous-politique-with-christine-frechette\/#primaryimage","url":"https:\/\/www.cqcd.org\/wp-content\/uploads\/2025\/02\/Rendez-vous-politique_tuile-evenement-CQCD-437x322-1.png","contentUrl":"https:\/\/www.cqcd.org\/wp-content\/uploads\/2025\/02\/Rendez-vous-politique_tuile-evenement-CQCD-437x322-1.png","width":437,"height":322,"caption":"Rendez-vous politique CQCD - Christine Fr\u00e9chette MEIE"},{"@type":"BreadcrumbList","@id":"https:\/\/www.cqcd.org\/en\/events\/rendez-vous-politique-with-christine-frechette\/#breadcrumb","itemListElement":[{"@type":"ListItem","position":1,"name":"Accueil","item":"https:\/\/www.cqcd.org\/en\/"},{"@type":"ListItem","position":2,"name":"Rendez-vous politique with Christine\u00a0Fr\u00e9chette"}]},{"@type":"WebSite","@id":"https:\/\/www.cqcd.org\/en\/#website","url":"https:\/\/www.cqcd.org\/en\/","name":"Conseil qu\u00e9b\u00e9cois du commerce de d\u00e9tail","description":"","potentialAction":[{"@type":"SearchAction","target":{"@type":"EntryPoint","urlTemplate":"https:\/\/www.cqcd.org\/en\/?s={search_term_string}"},"query-input":{"@type":"PropertyValueSpecification","valueRequired":true,"valueName":"search_term_string"}}],"inLanguage":"en-US"}]}},"_links":{"self":[{"href":"https:\/\/www.cqcd.org\/en\/wp-json\/wp\/v2\/events\/9824","targetHints":{"allow":["GET"]}}],"collection":[{"href":"https:\/\/www.cqcd.org\/en\/wp-json\/wp\/v2\/events"}],"about":[{"href":"https:\/\/www.cqcd.org\/en\/wp-json\/wp\/v2\/types\/events"}],"wp:featuredmedia":[{"embeddable":true,"href":"https:\/\/www.cqcd.org\/en\/wp-json\/wp\/v2\/media\/10708"}],"wp:attachment":[{"href":"https:\/\/www.cqcd.org\/en\/wp-json\/wp\/v2\/media?parent=9824"}],"wp:term":[{"taxonomy":"event_type","embeddable":true,"href":"https:\/\/www.cqcd.org\/en\/wp-json\/wp\/v2\/event_type?post=9824"},{"taxonomy":"mega_event_type","embeddable":true,"href":"https:\/\/www.cqcd.org\/en\/wp-json\/wp\/v2\/mega_event_type?post=9824"},{"taxonomy":"mega_event_theme","embeddable":true,"href":"https:\/\/www.cqcd.org\/en\/wp-json\/wp\/v2\/mega_event_theme?post=9824"},{"taxonomy":"mega_event_location","embeddable":true,"href":"https:\/\/www.cqcd.org\/en\/wp-json\/wp\/v2\/mega_event_location?post=9824"}],"curies":[{"name":"wp","href":"https:\/\/api.w.org\/{rel}","templated":true}]}}

Rendez-vous politique with Christine Fréchette

<section data-module='m03a' class="md:u-pt-fl m-content m-content--image-double    " style="--container-width: 1200px; --module-background-color:var(--color-root-white); --pt-min-value:0; --pt-max-value:0;">
        <div class="l-container " style="" >
        <div class="m-content__content u-pt-fl u-pb-fl u-px-fl u-text-[var(--module-text-color)] u-bg-[var(--module-background-color)]  " style="--pt-min-value:7; --pt-max-value:10; --pb-min-value:7; --pb-max-value:10; --px-min-value:0; --px-max-value:0; 
                            
         

    
    --module-text-color:var(--root-color); --module-subtitle-color:var(--root-color); --module-image-bg-pattern-color:var(--color-quaternary-500); --module-typography-ul-marker-color:var(--color-primary-500); --module-typography-link-color:var(--color-primary-500); --module-typography-link-hover-color:var(--color-primary-500); --module-legend-text-color:var(--color-primary-500);
 ">
            
                                            
                












<main class="l-grid      u-items-start  u-justify-start u-gap-y-fl u-text-left" style="--gap-y-min-value:5; --gap-y-max-value:7; --grid-gutter:    
                
                
    clamp(1.5000rem, 1.5000rem + 0vw, 1.5000rem)
;">
                    <div class="l-grid__block">
            <div class="c-typography  c-typography--paragraph-size" style="--typography-paragraph-font-size: var(--font-size-180); --typography-max-width: 100%;">
    <p>On May 26th, join us for our <em>Rendez-vous politique</em> with Ms. Christine Fréchette, <em>ministre de l’Économie, de l’Innovation et de l’Énergie</em>.</p>
<p>This event, specifically organized for retail industry executives, will be an opportunity for Ms. Fréchette to share the major orientations of her ministry and to address crucial issues for our sector such as:</p>
<ul>
<li>The 2025 tariffs of the United States;</li>
<li>Credit card fees;</li>
<li>The “unfair” competitiveness that Shein and Temu represent;</li>
<li>Certain employee training-related aspects.</li>
</ul>
<p>A discussion period will also be held between participants and Ms. Christine Fréchette, offering a unique opportunity to ask your questions and share your concerns.</p>
<p><span style="color: #1a1a1a; font-family: Montserrat, sans-serif; font-size: 22.5px;">——</span></p>
<p><b>This event is exclusive to RCQ retailer members &#8211; 1 representative per organization. The number of spots is limited.</b><b></b></p>
<p><b>To register, please contact Vanessa Lamétrie, our event coordinator:</b><strong> <a href="mailto:vlametrie@cqcd.org" target="_blank" rel="noopener">vlametrie@cqcd.org</a>.</strong></p>

</div>
                                        











            
<div class="c-actions u-mt-10" style="--actions-gap: calc(var(--root-baseline) * 3); --actions-mobile-gap: calc(var(--root-baseline) * 3); --actions-nb: 0;">
        <div class="c-actions__wrapper  u-flex-row u-items-center u-justify-start">
            </div>
</div>
        </div>
    </main>
                                </div>
    </div>
</section>

<p>On May 26th, join us for our Rendez-vous politique with Ms. Christine Fréchette (ministre de l’Économie, de l’Innovation et de l’Énergie).</p>

<!-- This site is optimized with the Yoast SEO plugin v27.2 - https://yoast.com/product/yoast-seo-wordpress/ -->
<title>Rendez-vous politique with Christine Fréchette - Retail Council of Quebec</title>
<meta name="description" content="May 26, 2025 : Rendez-vous politique with Christine Fréchette (ministre de l’Économie, de l’Innovation et de l’Énergie)." />
<meta name="robots" content="index, follow, max-snippet:-1, max-image-preview:large, max-video-preview:-1" />
<link rel="canonical" href="https://www.cqcd.org/en/events/rendez-vous-politique-with-christine-frechette/" />
<meta property="og:locale" content="en_US" />
<meta property="og:type" content="article" />
<meta property="og:title" content="Rendez-vous politique with Christine Fréchette - Retail Council of Quebec" />
<meta property="og:description" content="May 26, 2025 : Rendez-vous politique with Christine Fréchette (ministre de l’Économie, de l’Innovation et de l’Énergie)." />
<meta property="og:url" content="https://www.cqcd.org/en/events/rendez-vous-politique-with-christine-frechette/" />
<meta property="og:site_name" content="Conseil québécois du commerce de détail" />
<meta property="article:modified_time" content="2025-04-11T17:07:13+00:00" />
<meta property="og:image" content="https://www.cqcd.org/wp-content/uploads/2025/02/Ministre-Frechette_MEIE-149-ko.jpg" />
	<meta property="og:image:width" content="1200" />
	<meta property="og:image:height" content="630" />
	<meta property="og:image:type" content="image/jpeg" />
<meta name="twitter:card" content="summary_large_image" />
<meta name="twitter:label1" content="Est. reading time" />
	<meta name="twitter:data1" content="1 minute" />
<script type="application/ld+json" class="yoast-schema-graph">{"@context":"https://schema.org","@graph":[{"@type":"WebPage","@id":"https://www.cqcd.org/en/events/rendez-vous-politique-with-christine-frechette/","url":"https://www.cqcd.org/en/events/rendez-vous-politique-with-christine-frechette/","name":"Rendez-vous politique with Christine Fréchette - Retail Council of Quebec","isPartOf":{"@id":"https://www.cqcd.org/en/#website"},"primaryImageOfPage":{"@id":"https://www.cqcd.org/en/events/rendez-vous-politique-with-christine-frechette/#primaryimage"},"image":{"@id":"https://www.cqcd.org/en/events/rendez-vous-politique-with-christine-frechette/#primaryimage"},"thumbnailUrl":"https://www.cqcd.org/wp-content/uploads/2025/02/Rendez-vous-politique_tuile-evenement-CQCD-437x322-1.png","datePublished":"2025-02-12T15:33:07+00:00","dateModified":"2025-04-11T17:07:13+00:00","description":"May 26, 2025 : Rendez-vous politique with Christine Fréchette (ministre de l’Économie, de l’Innovation et de l’Énergie).","breadcrumb":{"@id":"https://www.cqcd.org/en/events/rendez-vous-politique-with-christine-frechette/#breadcrumb"},"inLanguage":"en-US","potentialAction":[{"@type":"ReadAction","target":["https://www.cqcd.org/en/events/rendez-vous-politique-with-christine-frechette/"]}]},{"@type":"ImageObject","inLanguage":"en-US","@id":"https://www.cqcd.org/en/events/rendez-vous-politique-with-christine-frechette/#primaryimage","url":"https://www.cqcd.org/wp-content/uploads/2025/02/Rendez-vous-politique_tuile-evenement-CQCD-437x322-1.png","contentUrl":"https://www.cqcd.org/wp-content/uploads/2025/02/Rendez-vous-politique_tuile-evenement-CQCD-437x322-1.png","width":437,"height":322,"caption":"Rendez-vous politique CQCD - Christine Fréchette MEIE"},{"@type":"BreadcrumbList","@id":"https://www.cqcd.org/en/events/rendez-vous-politique-with-christine-frechette/#breadcrumb","itemListElement":[{"@type":"ListItem","position":1,"name":"Accueil","item":"https://www.cqcd.org/en/"},{"@type":"ListItem","position":2,"name":"Rendez-vous politique with Christine Fréchette"}]},{"@type":"WebSite","@id":"https://www.cqcd.org/en/#website","url":"https://www.cqcd.org/en/","name":"Conseil québécois du commerce de détail","description":"","potentialAction":[{"@type":"SearchAction","target":{"@type":"EntryPoint","urlTemplate":"https://www.cqcd.org/en/?s={search_term_string}"},"query-input":{"@type":"PropertyValueSpecification","valueRequired":true,"valueName":"search_term_string"}}],"inLanguage":"en-US"}]}</script>
<!-- / Yoast SEO plugin. -->

Rendez-vous politique with Christine Fréchette - Retail Council of Quebec

May 26, 2025 : Rendez-vous politique with Christine Fréchette (ministre de l’Économie, de l’Innovation et de l’Énergie).

Conseil québécois du commerce de détail

Rendez-vous politique CQCD - Christine Fréchette MEIE
