{"id":1341,"date":"2024-07-03T14:03:25","date_gmt":"2024-07-03T18:03:25","guid":{"rendered":"https:\/\/www.cqcd.org\/bilan-et-perspectives-dans-le-commerce-de-detail\/"},"modified":"2024-07-06T15:30:43","modified_gmt":"2024-07-06T19:30:43","slug":"review-and-outlook-of-the-retail-sector","status":"publish","type":"page","link":"https:\/\/www.cqcd.org\/en\/review-and-outlook-of-the-retail-sector\/","title":{"rendered":"Review and outlook of the retail sector"},"content":{"rendered":"    \n\n\n\n\n\n\n    \n    \n    \n    \n    \n\n\n<div class=\"m-banner  u-pt-fl u-pb-fl l-has-bg-patterns-3\" data-module='m01a' style=\"--pt-min-value: 8; --pt-max-value: 8; --pb-min-value: 8; --pb-max-value: 8; --banner-overlay-color: var(--color-root-black); --banner-overlay-opacity: 0; --banner-cover-color: var(--color-primary-500); --banner-content-color: var(--color-root-white); --banner-height: 21.875rem\">\n    <div class=\"l-container m-banner__content u-text-left u-max-w-[var(--banner-content-max-width)]\"\n        style=\"\n            --banner-content-max-width: calc(var(--root-baseline) * 180);\n        \"\n    >\n        \n        <div class=\"m-banner__header\">\n                                            \n\n\n\n\n\n\n    \n\n\n\n\n\n\n    <div target class=\"c-title         c-title--banner    u-mb-[var(--module-title-margin)]\" style=\"--title-color:var(--color-secondary-500); --module-title-margin: calc(var(--root-baseline) * 0); --title-emphasis-color: var(--color-root-white);\">\n        Review and outlook of the retail sector\n            <\/div>\n\n            \n                    <\/div>\n\n\n        \n            <\/div>\n\n    <\/div>\n\n\n\n\n\n    \n\n\n\n\n\n\n\n\n\n\n\n\n\n<section data-module='m03a' class=\"md:u-pt-fl m-content m-content--image-double   u-bg-[var(--module-background-color)] \" style=\"--module-background-color:var(--color-root-white); --pt-min-value:0; --pt-max-value:0;\">\n        <div class=\"l-container \" style=\"\" >\n        <div class=\"m-content__content u-pt-fl u-pb-fl u-px-fl u-text-[var(--module-text-color)]   \" style=\"--pt-min-value:7; --pt-max-value:10; --pb-min-value:7; --pb-max-value:10; --px-min-value:0; --px-max-value:0; \n                            \n         \n\n    \n    --module-text-color:var(--root-color); --module-subtitle-color:var(--root-color); --module-image-bg-pattern-color:var(--color-quaternary-500); --module-typography-ul-marker-color:var(--color-primary-500); --module-typography-link-color:var(--color-primary-500); --module-typography-link-hover-color:var(--color-primary-500); --module-legend-text-color:var(--color-primary-500);\n \">\n            \n                                            \n                \n\n\n\n\n\n\n\n\n\n\n\n\n<main class=\"l-grid   l-grid--2@md   u-items-center  u-justify-start u-gap-y-fl u-text-left\" style=\"--gap-y-min-value:5; --gap-y-max-value:7; --grid-gutter:    \n                \n                \n    clamp(1.5000rem, 1.2727rem + 0.60606060606061vw, 2.0000rem)\n;\">\n                    <div class=\"l-grid__block\">\n            <picture     \n                        \n                                        \n                                            \n                                                                            \n                        \n     class=\"c-image   c-image-has-bg-pattern c-image-has-bg-pattern--left\" style=\"--border-radius: 8; --radius: 0; --image-bg-pattern-offset-amount:9; --image-bg-pattern-mobile-offset-amount:4.5; --image-bg-pattern-color:var(--color-quaternary-500);\"\n>\n    \n    \n    \n            <source\n            media=\"(min-width: 900px)\"\n            srcset=\"https:\/\/www.cqcd.org\/wp-content\/uploads\/2024\/07\/Barometre-CQCD-1200-x-630-px-1.jpg\"\n            type=\"image\/jpeg\"\n        >\n            <source\n            media=\"(min-width: 800px)\"\n            srcset=\"https:\/\/www.cqcd.org\/wp-content\/uploads\/2024\/07\/Barometre-CQCD-1200-x-630-px-1-800x600.jpg\"\n            type=\"image\/jpeg\"\n        >\n            <source\n            media=\"(min-width: 400px)\"\n            srcset=\"https:\/\/www.cqcd.org\/wp-content\/uploads\/2024\/07\/Barometre-CQCD-1200-x-630-px-1-400x300.jpg\"\n            type=\"image\/jpeg\"\n        >\n        <img loading=\"lazy\" decoding=\"async\"     \n                        \n                                        \n                                            \n                                        \n                                            \n                                        \n                                            \n                                        \n                                            \n                                        \n                                                                    \n                                        \n                                            \n                                                                            \n                        \n     class=\"u-w-full u-h-auto\" src=\"https:\/\/www.cqcd.org\/wp-content\/uploads\/2024\/07\/Barometre-CQCD-1200-x-630-px-1.jpg\" alt width=\"1200\" height=\"630\" fetchpriority=\"auto\" style=\"\"\n\/>\n\n    <\/picture>\n        <\/div>\n                    <div class=\"l-grid__block\">\n            <div class=\"c-subtitle u-text-[var(--module-subtitle-color)] u-mb-4 u-text-140 u-font-semibold u-font-secondary\" >\n        Studies and surveys\n    <\/div>\n\n    <h2 target class=\"c-title    c-title--300\" style=\"--title-emphasis-color: var(--color-root-white);\">\n        Review and outlook of the retail sector\n            <\/h2>\n\n                                        \n\n\n\n\n\n\n\n\n\n\n\n\n<div class=\"c-typography  u-mt-6 c-typography--paragraph-size\" style=\"--typography-paragraph-font-size: var(--font-size-180); --typography-max-width: 100%;\">\n    <p class=\"MsoNormal\">Each year, the Retail Council of Quebec in collaboration with the Altus Group, publishes a major study, &#8216;Retail Review and Outlook,&#8217; on the state of retail and consumer trends in Quebec and Canada for the past year and its outlook for the coming year.<\/p>\n<p class=\"MsoNormal\"><strong>An annual study in five stages :<\/strong><\/p>\n<ul>\n<li class=\"MsoNormal\">Macroeconomic overview of Quebec and Canada<\/li>\n<li class=\"MsoNormal\">The retail sector in the past year<\/li>\n<li class=\"MsoNormal\">Evolution of the Quebec Consumer Price Index (CPI)<\/li>\n<li class=\"MsoNormal\">Consumer profile<\/li>\n<li class=\"MsoNormal\">Outlook for the coming year<\/li>\n<\/ul>\n\n<\/div>\n                                        \n\n\n\n\n\n\n\n\n\n\n\n            \n<div class=\"c-actions u-mt-fl\" style=\"--mt-min-value: 4; --mt-max-value: 7; --actions-gap: calc(var(--root-baseline) * 3); --actions-mobile-gap: calc(var(--root-baseline) * 3); --actions-nb: 1;\">\n        <div class=\"c-actions__wrapper  u-flex-row u-items-center u-justify-start\">\n                    \n                \n                                \n                \n                \n\n\n\n\n    \n\n\n\n\n<a href=\"https:\/\/www.cqcd.org\/devenir-membre\/\" target=\"_self\" class=\"c-btn       c-btn--fade\">\n                    <span>Become a member to get this exclusive content<\/span>\n                <\/a>\n                        <\/div>\n<\/div>\n        <\/div>\n    <\/main>\n                                <\/div>\n    <\/div>\n<\/section>\n","protected":false},"excerpt":{"rendered":"","protected":false},"author":1,"featured_media":0,"parent":0,"menu_order":0,"comment_status":"closed","ping_status":"closed","template":"","meta":{"_acf_changed":false,"footnotes":""},"class_list":["post-1341","page","type-page","status-publish","hentry"],"acf":[],"yoast_head":"<!-- This site is optimized with the Yoast SEO plugin v27.2 - https:\/\/yoast.com\/product\/yoast-seo-wordpress\/ -->\n<title>Review and outlook of the retail sector - CQCD<\/title>\n<meta name=\"description\" content=\"Learn more about the study, review and outlook of Retail in Quebec and Canada\" \/>\n<meta name=\"robots\" content=\"index, follow, max-snippet:-1, max-image-preview:large, max-video-preview:-1\" \/>\n<link rel=\"canonical\" href=\"https:\/\/www.cqcd.org\/en\/review-and-outlook-of-the-retail-sector\/\" \/>\n<meta property=\"og:locale\" content=\"en_US\" \/>\n<meta property=\"og:type\" content=\"article\" \/>\n<meta property=\"og:title\" content=\"Review and outlook of the retail sector - CQCD\" \/>\n<meta property=\"og:description\" content=\"Learn more about the study, review and outlook of Retail in Quebec and Canada\" \/>\n<meta property=\"og:url\" content=\"https:\/\/www.cqcd.org\/en\/review-and-outlook-of-the-retail-sector\/\" \/>\n<meta property=\"og:site_name\" content=\"Conseil qu\u00e9b\u00e9cois du commerce de d\u00e9tail\" \/>\n<meta property=\"article:modified_time\" content=\"2024-07-06T19:30:43+00:00\" \/>\n<meta name=\"twitter:card\" content=\"summary_large_image\" \/>\n<script type=\"application\/ld+json\" class=\"yoast-schema-graph\">{\"@context\":\"https:\/\/schema.org\",\"@graph\":[{\"@type\":\"WebPage\",\"@id\":\"https:\/\/www.cqcd.org\/en\/review-and-outlook-of-the-retail-sector\/\",\"url\":\"https:\/\/www.cqcd.org\/en\/review-and-outlook-of-the-retail-sector\/\",\"name\":\"Review and outlook of the retail sector - CQCD\",\"isPartOf\":{\"@id\":\"https:\/\/www.cqcd.org\/en\/#website\"},\"datePublished\":\"2024-07-03T18:03:25+00:00\",\"dateModified\":\"2024-07-06T19:30:43+00:00\",\"description\":\"Learn more about the study, review and outlook of Retail in Quebec and Canada\",\"breadcrumb\":{\"@id\":\"https:\/\/www.cqcd.org\/en\/review-and-outlook-of-the-retail-sector\/#breadcrumb\"},\"inLanguage\":\"en-US\",\"potentialAction\":[{\"@type\":\"ReadAction\",\"target\":[\"https:\/\/www.cqcd.org\/en\/review-and-outlook-of-the-retail-sector\/\"]}]},{\"@type\":\"BreadcrumbList\",\"@id\":\"https:\/\/www.cqcd.org\/en\/review-and-outlook-of-the-retail-sector\/#breadcrumb\",\"itemListElement\":[{\"@type\":\"ListItem\",\"position\":1,\"name\":\"Accueil\",\"item\":\"https:\/\/www.cqcd.org\/en\/\"},{\"@type\":\"ListItem\",\"position\":2,\"name\":\"Review and outlook of the retail sector\"}]},{\"@type\":\"WebSite\",\"@id\":\"https:\/\/www.cqcd.org\/en\/#website\",\"url\":\"https:\/\/www.cqcd.org\/en\/\",\"name\":\"Conseil qu\u00e9b\u00e9cois du commerce de d\u00e9tail\",\"description\":\"\",\"potentialAction\":[{\"@type\":\"SearchAction\",\"target\":{\"@type\":\"EntryPoint\",\"urlTemplate\":\"https:\/\/www.cqcd.org\/en\/?s={search_term_string}\"},\"query-input\":{\"@type\":\"PropertyValueSpecification\",\"valueRequired\":true,\"valueName\":\"search_term_string\"}}],\"inLanguage\":\"en-US\"}]}<\/script>\n<!-- \/ Yoast SEO plugin. -->","yoast_head_json":{"title":"Review and outlook of the retail sector - CQCD","description":"Learn more about the study, review and outlook of Retail in Quebec and Canada","robots":{"index":"index","follow":"follow","max-snippet":"max-snippet:-1","max-image-preview":"max-image-preview:large","max-video-preview":"max-video-preview:-1"},"canonical":"https:\/\/www.cqcd.org\/en\/review-and-outlook-of-the-retail-sector\/","og_locale":"en_US","og_type":"article","og_title":"Review and outlook of the retail sector - CQCD","og_description":"Learn more about the study, review and outlook of Retail in Quebec and Canada","og_url":"https:\/\/www.cqcd.org\/en\/review-and-outlook-of-the-retail-sector\/","og_site_name":"Conseil qu\u00e9b\u00e9cois du commerce de d\u00e9tail","article_modified_time":"2024-07-06T19:30:43+00:00","twitter_card":"summary_large_image","schema":{"@context":"https:\/\/schema.org","@graph":[{"@type":"WebPage","@id":"https:\/\/www.cqcd.org\/en\/review-and-outlook-of-the-retail-sector\/","url":"https:\/\/www.cqcd.org\/en\/review-and-outlook-of-the-retail-sector\/","name":"Review and outlook of the retail sector - CQCD","isPartOf":{"@id":"https:\/\/www.cqcd.org\/en\/#website"},"datePublished":"2024-07-03T18:03:25+00:00","dateModified":"2024-07-06T19:30:43+00:00","description":"Learn more about the study, review and outlook of Retail in Quebec and Canada","breadcrumb":{"@id":"https:\/\/www.cqcd.org\/en\/review-and-outlook-of-the-retail-sector\/#breadcrumb"},"inLanguage":"en-US","potentialAction":[{"@type":"ReadAction","target":["https:\/\/www.cqcd.org\/en\/review-and-outlook-of-the-retail-sector\/"]}]},{"@type":"BreadcrumbList","@id":"https:\/\/www.cqcd.org\/en\/review-and-outlook-of-the-retail-sector\/#breadcrumb","itemListElement":[{"@type":"ListItem","position":1,"name":"Accueil","item":"https:\/\/www.cqcd.org\/en\/"},{"@type":"ListItem","position":2,"name":"Review and outlook of the retail sector"}]},{"@type":"WebSite","@id":"https:\/\/www.cqcd.org\/en\/#website","url":"https:\/\/www.cqcd.org\/en\/","name":"Conseil qu\u00e9b\u00e9cois du commerce de d\u00e9tail","description":"","potentialAction":[{"@type":"SearchAction","target":{"@type":"EntryPoint","urlTemplate":"https:\/\/www.cqcd.org\/en\/?s={search_term_string}"},"query-input":{"@type":"PropertyValueSpecification","valueRequired":true,"valueName":"search_term_string"}}],"inLanguage":"en-US"}]}},"_links":{"self":[{"href":"https:\/\/www.cqcd.org\/en\/wp-json\/wp\/v2\/pages\/1341","targetHints":{"allow":["GET"]}}],"collection":[{"href":"https:\/\/www.cqcd.org\/en\/wp-json\/wp\/v2\/pages"}],"about":[{"href":"https:\/\/www.cqcd.org\/en\/wp-json\/wp\/v2\/types\/page"}],"author":[{"embeddable":true,"href":"https:\/\/www.cqcd.org\/en\/wp-json\/wp\/v2\/users\/1"}],"replies":[{"embeddable":true,"href":"https:\/\/www.cqcd.org\/en\/wp-json\/wp\/v2\/comments?post=1341"}],"version-history":[{"count":3,"href":"https:\/\/www.cqcd.org\/en\/wp-json\/wp\/v2\/pages\/1341\/revisions"}],"predecessor-version":[{"id":2069,"href":"https:\/\/www.cqcd.org\/en\/wp-json\/wp\/v2\/pages\/1341\/revisions\/2069"}],"wp:attachment":[{"href":"https:\/\/www.cqcd.org\/en\/wp-json\/wp\/v2\/media?parent=1341"}],"curies":[{"name":"wp","href":"https:\/\/api.w.org\/{rel}","templated":true}]}}

<!-- This site is optimized with the Yoast SEO plugin v27.2 - https://yoast.com/product/yoast-seo-wordpress/ -->
<title>Review and outlook of the retail sector - CQCD</title>
<meta name="description" content="Learn more about the study, review and outlook of Retail in Quebec and Canada" />
<meta name="robots" content="index, follow, max-snippet:-1, max-image-preview:large, max-video-preview:-1" />
<link rel="canonical" href="https://www.cqcd.org/en/review-and-outlook-of-the-retail-sector/" />
<meta property="og:locale" content="en_US" />
<meta property="og:type" content="article" />
<meta property="og:title" content="Review and outlook of the retail sector - CQCD" />
<meta property="og:description" content="Learn more about the study, review and outlook of Retail in Quebec and Canada" />
<meta property="og:url" content="https://www.cqcd.org/en/review-and-outlook-of-the-retail-sector/" />
<meta property="og:site_name" content="Conseil québécois du commerce de détail" />
<meta property="article:modified_time" content="2024-07-06T19:30:43+00:00" />
<meta name="twitter:card" content="summary_large_image" />
<script type="application/ld+json" class="yoast-schema-graph">{"@context":"https://schema.org","@graph":[{"@type":"WebPage","@id":"https://www.cqcd.org/en/review-and-outlook-of-the-retail-sector/","url":"https://www.cqcd.org/en/review-and-outlook-of-the-retail-sector/","name":"Review and outlook of the retail sector - CQCD","isPartOf":{"@id":"https://www.cqcd.org/en/#website"},"datePublished":"2024-07-03T18:03:25+00:00","dateModified":"2024-07-06T19:30:43+00:00","description":"Learn more about the study, review and outlook of Retail in Quebec and Canada","breadcrumb":{"@id":"https://www.cqcd.org/en/review-and-outlook-of-the-retail-sector/#breadcrumb"},"inLanguage":"en-US","potentialAction":[{"@type":"ReadAction","target":["https://www.cqcd.org/en/review-and-outlook-of-the-retail-sector/"]}]},{"@type":"BreadcrumbList","@id":"https://www.cqcd.org/en/review-and-outlook-of-the-retail-sector/#breadcrumb","itemListElement":[{"@type":"ListItem","position":1,"name":"Accueil","item":"https://www.cqcd.org/en/"},{"@type":"ListItem","position":2,"name":"Review and outlook of the retail sector"}]},{"@type":"WebSite","@id":"https://www.cqcd.org/en/#website","url":"https://www.cqcd.org/en/","name":"Conseil québécois du commerce de détail","description":"","potentialAction":[{"@type":"SearchAction","target":{"@type":"EntryPoint","urlTemplate":"https://www.cqcd.org/en/?s={search_term_string}"},"query-input":{"@type":"PropertyValueSpecification","valueRequired":true,"valueName":"search_term_string"}}],"inLanguage":"en-US"}]}</script>
<!-- / Yoast SEO plugin. -->

Conseil québécois du commerce de détail
