{"id":7105,"date":"2024-10-21T11:00:58","date_gmt":"2024-10-21T15:00:58","guid":{"rendered":"https:\/\/www.cqcd.org\/panelistes\/hop-2024\/anthony-amiel\/"},"modified":"2025-09-29T10:36:26","modified_gmt":"2025-09-29T14:36:26","slug":"anthony-amiel","status":"publish","type":"panelists","link":"https:\/\/www.cqcd.org\/en\/speakers\/hop-the-summit-2025\/anthony-amiel\/","title":{"rendered":"Anthony Amiel"},"content":{"rendered":"","protected":false},"excerpt":{"rendered":"","protected":false},"featured_media":6305,"parent":11506,"menu_order":53,"template":"","class_list":["post-7105","panelists","type-panelists","status-publish","has-post-thumbnail","hentry"],"acf":[],"yoast_head":"<!-- This site is optimized with the Yoast SEO plugin v27.2 - https:\/\/yoast.com\/product\/yoast-seo-wordpress\/ -->\n<title>Anthony Amiel - Hop! The Retail Summit 2025<\/title>\n<meta name=\"description\" content=\"Learn more about Anthony Amiel, President of Groupe Amiel\" \/>\n<meta name=\"robots\" content=\"index, follow, max-snippet:-1, max-image-preview:large, max-video-preview:-1\" \/>\n<link rel=\"canonical\" href=\"https:\/\/www.cqcd.org\/en\/speakers\/hop-the-summit-2025\/anthony-amiel\/\" \/>\n<meta property=\"og:locale\" content=\"en_US\" \/>\n<meta property=\"og:type\" content=\"article\" \/>\n<meta property=\"og:title\" content=\"Anthony Amiel - Hop! The Retail Summit 2025\" \/>\n<meta property=\"og:description\" content=\"Learn more about Anthony Amiel, President of Groupe Amiel\" \/>\n<meta property=\"og:url\" content=\"https:\/\/www.cqcd.org\/en\/speakers\/hop-the-summit-2025\/anthony-amiel\/\" \/>\n<meta property=\"og:site_name\" content=\"Conseil qu\u00e9b\u00e9cois du commerce de d\u00e9tail\" \/>\n<meta property=\"article:modified_time\" content=\"2025-09-29T14:36:26+00:00\" \/>\n<meta property=\"og:image\" content=\"https:\/\/www.cqcd.org\/wp-content\/uploads\/2025\/05\/HOP-2025-Site-Web-tuile-evenement-437x322-violet.png\" \/>\n\t<meta property=\"og:image:width\" content=\"437\" \/>\n\t<meta property=\"og:image:height\" content=\"322\" \/>\n\t<meta property=\"og:image:type\" content=\"image\/png\" \/>\n<meta name=\"twitter:card\" content=\"summary_large_image\" \/>\n<meta name=\"twitter:label1\" content=\"Est. reading time\" \/>\n\t<meta name=\"twitter:data1\" content=\"1 minute\" \/>\n<script type=\"application\/ld+json\" class=\"yoast-schema-graph\">{\"@context\":\"https:\/\/schema.org\",\"@graph\":[{\"@type\":\"WebPage\",\"@id\":\"https:\/\/www.cqcd.org\/en\/speakers\/hop-the-summit-2025\/anthony-amiel\/\",\"url\":\"https:\/\/www.cqcd.org\/en\/speakers\/hop-the-summit-2025\/anthony-amiel\/\",\"name\":\"Anthony Amiel - Hop! The Retail Summit 2025\",\"isPartOf\":{\"@id\":\"https:\/\/www.cqcd.org\/en\/#website\"},\"primaryImageOfPage\":{\"@id\":\"https:\/\/www.cqcd.org\/en\/speakers\/hop-the-summit-2025\/anthony-amiel\/#primaryimage\"},\"image\":{\"@id\":\"https:\/\/www.cqcd.org\/en\/speakers\/hop-the-summit-2025\/anthony-amiel\/#primaryimage\"},\"thumbnailUrl\":\"https:\/\/www.cqcd.org\/wp-content\/uploads\/2024\/09\/Anthony-Amiel-2.jpg\",\"datePublished\":\"2024-10-21T15:00:58+00:00\",\"dateModified\":\"2025-09-29T14:36:26+00:00\",\"description\":\"Learn more about Anthony Amiel, President of Groupe Amiel\",\"breadcrumb\":{\"@id\":\"https:\/\/www.cqcd.org\/en\/speakers\/hop-the-summit-2025\/anthony-amiel\/#breadcrumb\"},\"inLanguage\":\"en-US\",\"potentialAction\":[{\"@type\":\"ReadAction\",\"target\":[\"https:\/\/www.cqcd.org\/en\/speakers\/hop-the-summit-2025\/anthony-amiel\/\"]}]},{\"@type\":\"ImageObject\",\"inLanguage\":\"en-US\",\"@id\":\"https:\/\/www.cqcd.org\/en\/speakers\/hop-the-summit-2025\/anthony-amiel\/#primaryimage\",\"url\":\"https:\/\/www.cqcd.org\/wp-content\/uploads\/2024\/09\/Anthony-Amiel-2.jpg\",\"contentUrl\":\"https:\/\/www.cqcd.org\/wp-content\/uploads\/2024\/09\/Anthony-Amiel-2.jpg\",\"width\":452,\"height\":560,\"caption\":\"Anthony Amiel - Corbeil \u00c9lectrom\u00e9nagers\"},{\"@type\":\"BreadcrumbList\",\"@id\":\"https:\/\/www.cqcd.org\/en\/speakers\/hop-the-summit-2025\/anthony-amiel\/#breadcrumb\",\"itemListElement\":[{\"@type\":\"ListItem\",\"position\":1,\"name\":\"Accueil\",\"item\":\"https:\/\/www.cqcd.org\/en\/\"},{\"@type\":\"ListItem\",\"position\":2,\"name\":\"HOP THE SUMMIT 2025\",\"item\":\"https:\/\/www.cqcd.org\/en\/speakers\/hop-the-summit-2025\/\"},{\"@type\":\"ListItem\",\"position\":3,\"name\":\"Anthony Amiel\"}]},{\"@type\":\"WebSite\",\"@id\":\"https:\/\/www.cqcd.org\/en\/#website\",\"url\":\"https:\/\/www.cqcd.org\/en\/\",\"name\":\"Conseil qu\u00e9b\u00e9cois du commerce de d\u00e9tail\",\"description\":\"\",\"potentialAction\":[{\"@type\":\"SearchAction\",\"target\":{\"@type\":\"EntryPoint\",\"urlTemplate\":\"https:\/\/www.cqcd.org\/en\/?s={search_term_string}\"},\"query-input\":{\"@type\":\"PropertyValueSpecification\",\"valueRequired\":true,\"valueName\":\"search_term_string\"}}],\"inLanguage\":\"en-US\"}]}<\/script>\n<!-- \/ Yoast SEO plugin. -->","yoast_head_json":{"title":"Anthony Amiel - Hop! The Retail Summit 2025","description":"Learn more about Anthony Amiel, President of Groupe Amiel","robots":{"index":"index","follow":"follow","max-snippet":"max-snippet:-1","max-image-preview":"max-image-preview:large","max-video-preview":"max-video-preview:-1"},"canonical":"https:\/\/www.cqcd.org\/en\/speakers\/hop-the-summit-2025\/anthony-amiel\/","og_locale":"en_US","og_type":"article","og_title":"Anthony Amiel - Hop! The Retail Summit 2025","og_description":"Learn more about Anthony Amiel, President of Groupe Amiel","og_url":"https:\/\/www.cqcd.org\/en\/speakers\/hop-the-summit-2025\/anthony-amiel\/","og_site_name":"Conseil qu\u00e9b\u00e9cois du commerce de d\u00e9tail","article_modified_time":"2025-09-29T14:36:26+00:00","og_image":[{"width":437,"height":322,"url":"https:\/\/www.cqcd.org\/wp-content\/uploads\/2025\/05\/HOP-2025-Site-Web-tuile-evenement-437x322-violet.png","type":"image\/png"}],"twitter_card":"summary_large_image","twitter_misc":{"Est. reading time":"1 minute"},"schema":{"@context":"https:\/\/schema.org","@graph":[{"@type":"WebPage","@id":"https:\/\/www.cqcd.org\/en\/speakers\/hop-the-summit-2025\/anthony-amiel\/","url":"https:\/\/www.cqcd.org\/en\/speakers\/hop-the-summit-2025\/anthony-amiel\/","name":"Anthony Amiel - Hop! The Retail Summit 2025","isPartOf":{"@id":"https:\/\/www.cqcd.org\/en\/#website"},"primaryImageOfPage":{"@id":"https:\/\/www.cqcd.org\/en\/speakers\/hop-the-summit-2025\/anthony-amiel\/#primaryimage"},"image":{"@id":"https:\/\/www.cqcd.org\/en\/speakers\/hop-the-summit-2025\/anthony-amiel\/#primaryimage"},"thumbnailUrl":"https:\/\/www.cqcd.org\/wp-content\/uploads\/2024\/09\/Anthony-Amiel-2.jpg","datePublished":"2024-10-21T15:00:58+00:00","dateModified":"2025-09-29T14:36:26+00:00","description":"Learn more about Anthony Amiel, President of Groupe Amiel","breadcrumb":{"@id":"https:\/\/www.cqcd.org\/en\/speakers\/hop-the-summit-2025\/anthony-amiel\/#breadcrumb"},"inLanguage":"en-US","potentialAction":[{"@type":"ReadAction","target":["https:\/\/www.cqcd.org\/en\/speakers\/hop-the-summit-2025\/anthony-amiel\/"]}]},{"@type":"ImageObject","inLanguage":"en-US","@id":"https:\/\/www.cqcd.org\/en\/speakers\/hop-the-summit-2025\/anthony-amiel\/#primaryimage","url":"https:\/\/www.cqcd.org\/wp-content\/uploads\/2024\/09\/Anthony-Amiel-2.jpg","contentUrl":"https:\/\/www.cqcd.org\/wp-content\/uploads\/2024\/09\/Anthony-Amiel-2.jpg","width":452,"height":560,"caption":"Anthony Amiel - Corbeil \u00c9lectrom\u00e9nagers"},{"@type":"BreadcrumbList","@id":"https:\/\/www.cqcd.org\/en\/speakers\/hop-the-summit-2025\/anthony-amiel\/#breadcrumb","itemListElement":[{"@type":"ListItem","position":1,"name":"Accueil","item":"https:\/\/www.cqcd.org\/en\/"},{"@type":"ListItem","position":2,"name":"HOP THE SUMMIT 2025","item":"https:\/\/www.cqcd.org\/en\/speakers\/hop-the-summit-2025\/"},{"@type":"ListItem","position":3,"name":"Anthony Amiel"}]},{"@type":"WebSite","@id":"https:\/\/www.cqcd.org\/en\/#website","url":"https:\/\/www.cqcd.org\/en\/","name":"Conseil qu\u00e9b\u00e9cois du commerce de d\u00e9tail","description":"","potentialAction":[{"@type":"SearchAction","target":{"@type":"EntryPoint","urlTemplate":"https:\/\/www.cqcd.org\/en\/?s={search_term_string}"},"query-input":{"@type":"PropertyValueSpecification","valueRequired":true,"valueName":"search_term_string"}}],"inLanguage":"en-US"}]}},"_links":{"self":[{"href":"https:\/\/www.cqcd.org\/en\/wp-json\/wp\/v2\/panelists\/7105","targetHints":{"allow":["GET"]}}],"collection":[{"href":"https:\/\/www.cqcd.org\/en\/wp-json\/wp\/v2\/panelists"}],"about":[{"href":"https:\/\/www.cqcd.org\/en\/wp-json\/wp\/v2\/types\/panelists"}],"up":[{"embeddable":true,"href":"https:\/\/www.cqcd.org\/en\/wp-json\/wp\/v2\/panelists\/11506"}],"wp:featuredmedia":[{"embeddable":true,"href":"https:\/\/www.cqcd.org\/en\/wp-json\/wp\/v2\/media\/6305"}],"wp:attachment":[{"href":"https:\/\/www.cqcd.org\/en\/wp-json\/wp\/v2\/media?parent=7105"}],"curies":[{"name":"wp","href":"https:\/\/api.w.org\/{rel}","templated":true}]}}

<!-- This site is optimized with the Yoast SEO plugin v27.2 - https://yoast.com/product/yoast-seo-wordpress/ -->
<title>Anthony Amiel - Hop! The Retail Summit 2025</title>
<meta name="description" content="Learn more about Anthony Amiel, President of Groupe Amiel" />
<meta name="robots" content="index, follow, max-snippet:-1, max-image-preview:large, max-video-preview:-1" />
<link rel="canonical" href="https://www.cqcd.org/en/speakers/hop-the-summit-2025/anthony-amiel/" />
<meta property="og:locale" content="en_US" />
<meta property="og:type" content="article" />
<meta property="og:title" content="Anthony Amiel - Hop! The Retail Summit 2025" />
<meta property="og:description" content="Learn more about Anthony Amiel, President of Groupe Amiel" />
<meta property="og:url" content="https://www.cqcd.org/en/speakers/hop-the-summit-2025/anthony-amiel/" />
<meta property="og:site_name" content="Conseil québécois du commerce de détail" />
<meta property="article:modified_time" content="2025-09-29T14:36:26+00:00" />
<meta property="og:image" content="https://www.cqcd.org/wp-content/uploads/2025/05/HOP-2025-Site-Web-tuile-evenement-437x322-violet.png" />
	<meta property="og:image:width" content="437" />
	<meta property="og:image:height" content="322" />
	<meta property="og:image:type" content="image/png" />
<meta name="twitter:card" content="summary_large_image" />
<meta name="twitter:label1" content="Est. reading time" />
	<meta name="twitter:data1" content="1 minute" />
<script type="application/ld+json" class="yoast-schema-graph">{"@context":"https://schema.org","@graph":[{"@type":"WebPage","@id":"https://www.cqcd.org/en/speakers/hop-the-summit-2025/anthony-amiel/","url":"https://www.cqcd.org/en/speakers/hop-the-summit-2025/anthony-amiel/","name":"Anthony Amiel - Hop! The Retail Summit 2025","isPartOf":{"@id":"https://www.cqcd.org/en/#website"},"primaryImageOfPage":{"@id":"https://www.cqcd.org/en/speakers/hop-the-summit-2025/anthony-amiel/#primaryimage"},"image":{"@id":"https://www.cqcd.org/en/speakers/hop-the-summit-2025/anthony-amiel/#primaryimage"},"thumbnailUrl":"https://www.cqcd.org/wp-content/uploads/2024/09/Anthony-Amiel-2.jpg","datePublished":"2024-10-21T15:00:58+00:00","dateModified":"2025-09-29T14:36:26+00:00","description":"Learn more about Anthony Amiel, President of Groupe Amiel","breadcrumb":{"@id":"https://www.cqcd.org/en/speakers/hop-the-summit-2025/anthony-amiel/#breadcrumb"},"inLanguage":"en-US","potentialAction":[{"@type":"ReadAction","target":["https://www.cqcd.org/en/speakers/hop-the-summit-2025/anthony-amiel/"]}]},{"@type":"ImageObject","inLanguage":"en-US","@id":"https://www.cqcd.org/en/speakers/hop-the-summit-2025/anthony-amiel/#primaryimage","url":"https://www.cqcd.org/wp-content/uploads/2024/09/Anthony-Amiel-2.jpg","contentUrl":"https://www.cqcd.org/wp-content/uploads/2024/09/Anthony-Amiel-2.jpg","width":452,"height":560,"caption":"Anthony Amiel - Corbeil Électroménagers"},{"@type":"BreadcrumbList","@id":"https://www.cqcd.org/en/speakers/hop-the-summit-2025/anthony-amiel/#breadcrumb","itemListElement":[{"@type":"ListItem","position":1,"name":"Accueil","item":"https://www.cqcd.org/en/"},{"@type":"ListItem","position":2,"name":"HOP THE SUMMIT 2025","item":"https://www.cqcd.org/en/speakers/hop-the-summit-2025/"},{"@type":"ListItem","position":3,"name":"Anthony Amiel"}]},{"@type":"WebSite","@id":"https://www.cqcd.org/en/#website","url":"https://www.cqcd.org/en/","name":"Conseil québécois du commerce de détail","description":"","potentialAction":[{"@type":"SearchAction","target":{"@type":"EntryPoint","urlTemplate":"https://www.cqcd.org/en/?s={search_term_string}"},"query-input":{"@type":"PropertyValueSpecification","valueRequired":true,"valueName":"search_term_string"}}],"inLanguage":"en-US"}]}</script>
<!-- / Yoast SEO plugin. -->

Conseil québécois du commerce de détail

Anthony Amiel - Corbeil Électroménagers
